5 and 212199315?
285
What is the highest common factor of 35 and 566715?
5
Calculate the greatest common factor of 991662 and 1764.
294
What is the highest common factor of 113 and 6011261?
113
Calculate the greatest common factor of 17152448 and 66400.
2656
What is the greatest common divisor of 44826 and 388554?
186
What is the greatest common factor of 66962 and 363192322?
9566
What is the highest common factor of 20 and 2954590?
10
What is the highest common divisor of 176661375 and 25?
25
Calculate the greatest common factor of 324 and 83108349.
81
Calculate the greatest common divisor of 1945 and 16955.
5
Calculate the highest common factor of 2431250 and 34621.
389
Calculate the highest common factor of 3904670 and 11011.
847
What is the highest common divisor of 48451903 and 419?
419
Calculate the highest common divisor of 4984651 and 28.
7
What is the highest common factor of 28058825 and 17775?
1975
Calculate the greatest common divisor of 30629 and 1978459.
109
Calculate the highest common divisor of 54 and 4594968.
54
What is the highest common factor of 4795 and 5785?
5
Calculate the greatest common divisor of 616 and 471724.
44
Calculate the highest common divisor of 36968040 and 67860.
5220
What is the highest common factor of 2006144 and 123145?
2239
What is the highest common divisor of 574996 and 7654?
86
Calculate the greatest common divisor of 9010 and 51488546.
1802
What is the highest common factor of 180177 and 1201731?
1653
Calculate the highest common factor of 646801 and 1495313.
947
What is the greatest common divisor of 35280 and 11623780?
980
Calculate the highest common factor of 10040 and 70760.
40
Calculate the highest common divisor of 268027661 and 14212.
3553
Calculate the highest common divisor of 341 and 8797521.
31
Calculate the greatest common factor of 1464903 and 693.
99
What is the highest common factor of 548192 and 14353?
463
Calculate the greatest common factor of 3574 and 852188134.
3574
What is the greatest common divisor of 32 and 850772?
4
Calculate the highest common factor of 13895 and 34990389.
2779
Calculate the highest common factor of 456370 and 10810.
470
Calculate the greatest common factor of 74646 and 168896.
754
Calculate the greatest common factor of 1658067 and 304575.
393
Calculate the greatest common factor of 220489102 and 57778.
8254
Calculate the highest common divisor of 25397616 and 12.
12
Calculate the greatest common factor of 27 and 356622.
3
What is the highest common factor of 4774 and 953447?
11
Calculate the highest common factor of 5631305 and 9635.
235
Calculate the highest common factor of 254 and 1852.
2
Calculate the highest common factor of 1155339 and 615.
123
What is the highest common factor of 10858770 and 2340?
1170
Calculate the highest common factor of 179408 and 55184.
16
What is the highest common divisor of 46016144 and 323?
17
What is the highest common divisor of 1211289025 and 463?
463
What is the highest common factor of 185777142 and 3?
3
Calculate the greatest common divisor of 1749877968 and 32.
16
Calculate the highest common factor of 85879144 and 416.
104
Calculate the highest common factor of 444832 and 1568.
32
Calculate the greatest common divisor of 32 and 4442864.
16
What is the highest common divisor of 7550 and 9846710?
1510
Calculate the highest common divisor of 19767324 and 20256.
2532
Calculate the greatest common divisor of 4578 and 1252846.
1526
Calculate the highest common divisor of 27310618 and 262.
262
Calculate the highest common factor of 23 and 732175859.
23
Calculate the highest common factor of 33583795 and 1127.
161
Calculate the greatest common factor of 1312577 and 2527.
133
Calculate the greatest common divisor of 20333856 and 288.
96
What is the highest common divisor of 4 and 19355572?
4
Calculate the highest common divisor of 192 and 182980704.
96
What is the highest common factor of 1051834 and 3871?
49
What is the greatest common divisor of 65 and 5956353?
13
Calculate the highest common divisor of 2274594210 and 2430.
2430
What is the highest common divisor of 309884 and 236?
4
Calculate the highest common factor of 168 and 2028963608.
56
Calculate the highest common divisor of 15382689 and 21.
21
What is the highest common divisor of 36072147 and 17082?
219
Calculate the greatest common divisor of 40674264 and 12.
12
What is the highest common factor of 50 and 1460670100?
50
Calculate the highest common divisor of 288 and 1483704.
72
Calculate the highest common divisor of 1533052 and 10506.
206
What is the highest common factor of 3409055 and 20?
5
Calculate the greatest common factor of 286 and 150670624.
26
What is the highest common factor of 4018545 and 1030?
515
Calculate the highest common factor of 24 and 46474716.
12
What is the greatest common divisor of 28 and 28192087?
7
Calculate the greatest common divisor of 139639 and 55047.
311
What is the highest common divisor of 462673365 and 99?
33
What is the greatest common divisor of 170 and 4920830?
10
Calculate the greatest common divisor of 343 and 19600.
49
Calculate the highest common factor of 424 and 17334763.
53
What is the highest common factor of 34668 and 76612?
428
What is the greatest common factor of 873559 and 988429?
547
Calculate the highest common factor of 375 and 2220875.
125
What is the highest common factor of 641240 and 525128?
328
Calculate the greatest common divisor of 4498 and 43069.
13
What is the highest common factor of 769668 and 588?
12
What is the greatest common divisor of 2352816 and 2052?
36
Calculate the highest common divisor of 7750980 and 540.
180
What is the greatest common factor of 139319 and 29464?
127
Calculate the greatest common divisor of 2554 and 45050006.
2554
What is the highest common factor of 2622 and 163941424?
874
What is the highest common factor of 1725 and 532288425?
1725
Calculate the highest common divisor of 319689181 and 98.
49
Calculate the greatest common factor of 1171256 and 40.
8
What is the highest common factor of 2381 and 46969987?
2381
Calculate the highest common factor of 12970386 and 2106.
234
What is the highest common factor of 7290 and 527478885?
3645
What is the greatest common factor of 138 and 378433306?
46
Calculate the greatest common divisor of 2166577124 and 29.
29
Calculate the greatest common divisor of 12253385 and 15.
5
Calculate the greatest common divisor of 277903262 and 13.
13
What is the highest common divisor of 621 and 16079013?
27
Calculate the highest common factor of 1692 and 76502511.
423
Calculate the greatest common divisor of 4623346 and 114.
38
Calculate the greatest common factor of 394515 and 39495.
15
What is the greatest common factor of 1981075 and 125?
25
Calculate the greatest common divisor of 39075 and 134825.
25
What is the greatest common divisor of 8459 and 1148117?
769
Calculate the highest common divisor of 5416 and 188.
4
What is the highest common divisor of 964 and 3366529?
241
Calculate the highest common factor of 82873170 and 1475.
295
What is the greatest common factor of 17619440 and 400?
80
What is the highest common factor of 30439072 and 32?
32
What is the greatest common factor of 191 and 234976031?
191
Calculate the highest common factor of 46594060 and 80.
20
What is the highest common divisor of 35 and 3932385?
5
What is the highest common divisor of 91581 and 76629?
1869
What is the highest common factor of 665 and 2115840?
95
Calculate the highest common divisor of 2923669 and 1708.
427
Calculate the greatest common divisor of 4862 and 49553790.
286
Calculate the highest common divisor of 472 and 712366.
118
Calculate the greatest common factor of 87 and 24410721.
87
What is the greatest common divisor of 55 and 4211855?
5
Calculate the greatest common factor of 175126874 and 21328.
2666
What is the greatest common factor of 79135 and 1088510?
1615
What is the highest common factor of 11472 and 2159126?
478
Calculate the highest common factor of 391 and 1087417.
23
Calculate the greatest common factor of 2008 and 415618852.
1004
What is the greatest common divisor of 308 and 4481752?
44
What is the greatest common divisor of 5505386 and 11142?
1238
Calculate the greatest common factor of 8784 and 2730604.
244
What is